 35. Let p = 85 - 92. List the prime factors of m(p).
2, 3, 7
Suppose 502 = 2*p + 6*i - 11*i, 5*p - 2*i - 1234 = 0. List the prime factors of p.
2, 3, 41
Let s(v) be the second derivative of v**4/6 - 2*v**3/3 - 9*v**2/2 + 12*v. What are the prime factors of s(-6)?
3, 29
Suppose 287*j - 247*j - 91280 = 0. List the prime factors of j.
2, 7, 163
Let r(l) = 4*l - 3. Let j be r(2). Let m(f) = f - 1. Let x be m(j). List the prime factors of (-20)/(-25)*190/x.
2, 19
Suppose -5*v + 342 = -348. Let j = -98 + v. Suppose -5*b - j = -130. What are the prime factors of b?
2, 3
Let i be (-13 - 4/4)*-1. Suppose -57 = 3*g - 4*g. Let j = g - i. List the prime factors of j.
43
Let f = 18 + 25. Let q = f - -100. What are the prime factors of q?
11, 13
Let t(g) = -g**2 + 7*g - 7. Let n be t(4). Suppose k - 10 - 1 = 5*i, -9 = 2*i - n*k. Let l(w) = -7*w - 2. What are the prime factors of l(i)?
2, 3
Suppose 2*v - 5143 + 675 = 0. What are the prime factors of v?
2, 1117
Suppose -67*f + 71*f = -8. Suppose 69 + 46 = 5*u. Let d = u + f. What are the prime factors of d?
3, 7
Let u = 22 + -13. Let r be u/(-4)*-2*6. Suppose 2 = -j, -r = -k + 3*j - 0. List the prime factors of k.
3, 7
Let h be 52/6 - -3*3/27. Suppose 830 = -h*k + 2216. What are the prime factors of k?
2, 7, 11
Suppose -6*h - 19 = -1. Let p be 4 - (1 - (0 - h)). Suppose q = 4*q - p. What are the prime factors of q?
2
Let m(o) = o**2 - 23*o + 30. What are the prime factors of m(30)?
2, 3, 5
Let r be 20/(((-2)/(-4))/(723/12)). Suppose 3*g - r = -7*g. List the prime factors of g.
241
Suppose -5 = -4*t - 21. Let d(r) = r**2 - 4. Let v be d(t). Suppose -l + v = -11. List the prime factors of l.
23
Suppose o = -2*o. Suppose 5*c + f = 76, -2*c - 2*f - f + 20 = o. Suppose c = -2*d + 66. List the prime factors of d.
5
Suppose x - 5*l = -0*l + 570, -3*x = -l - 1710. Let k = x - 292. What are the prime factors of k?
2, 139
Let r = -1646 + 2921. List the prime factors of r.
3, 5, 17
Let j = 3225 - 1202. What are the prime factors of j?
7, 17
Let k = 9093 - 4558. List the prime factors of k.
5, 907
Suppose 0 = 202*i - 190*i - 8532. List the prime factors of i.
3, 79
Suppose 11 = -3*m + 8. List the prime factors of ((18/8)/(-1))/(m/44).
3, 11
Let t(h) = 2*h**2 + 7*h + 6. Let q be t(-7). Let s be 6/10*(-25)/5 + -12. Let n = q - s. List the prime factors of n.
2, 5, 7
What are the prime factors of 3 - (-665 + 1 + 1)?
2, 3, 37
Let d(u) = u**2 + 3*u. Suppose -6*s = -47 - 1. Let k be d(s). Let t = k + -21. List the prime factors of t.
67
Suppose -3*k - 198 = -x, 3*x = 8*x + k - 958. List the prime factors of x.
2, 3
Let c(h) be the second derivative of -1/20*h**5 + 3/2*h**2 + 0 + 7/12*h**4 - 2*h + 3/2*h**3. What are the prime factors of c(8)?
11
Suppose 0 = -2*d + 21 + 605. List the prime factors of d.
313
Let d = -63 + 62. List the prime factors of 31 + 1/(d/(-2) - 1).
29
Suppose 0*j = -2*j - 5*o - 18, 2*j + 10 = -3*o. List the prime factors of j - 86/(-6) - 2/6.
3, 5
Let p = -2269 - -3641. What are the prime factors of p?
2, 7
Suppose 125 = 2*r - 169. List the prime factors of 9 + ((-2)/(-7) - (-546)/r).
13
Let v be (-2)/(-5) + (-321)/15. What are the prime factors of (5 + 1)*(v/(-2) - -2)?
3, 5
Let j = -816 - -1617. List the prime factors of j.
3, 89
Let f(n) = 45*n**2 - 56*n - 8. What are the prime factors of f(-7)?
3, 863
Let p(r) = -5*r - 15. Let t(w) = 5*w + 16. Let m(j) = -3*p(j) - 2*t(j). Let y(g) = 5*g + 13. Let x(a) = -5*m(a) + 4*y(a). What are the prime factors of x(-4)?
7
Let n(x) = 3*x**3 - 66*x**2 - 26*x - 56. What are the prime factors of n(23)?
3, 311
Suppose -z = -5*s - 348, s - 2*z + 206 = -2*s. Let h be (-12 - -13)*(s + 0). What are the prime factors of (-686)/h - (-2)/10?
2, 5
Let q(d) = 2*d**2 + d + 60. Suppose -5*f - 13 = 4*c + 94, -f + 29 = -c. Let l = c - -28. What are the prime factors of q(l)?
2, 3, 5
Suppose 1488 = -7*c + 3*c. Let s = c + 533. What are the prime factors of s?
7, 23
Let w(l) be the third derivative of l**6/120 - l**5/10 - l**4/4 - l**3 - l**2. Let d be w(7). What are the prime factors of 10 + d + (2 - 1)?
2, 3
List the prime factors of (-9026)/(-42) - (-90)/945.
5, 43
Suppose 62*s - 68*s = -1032. List the prime factors of s.
2, 43
Let f(y) = -3*y + 21. Let u be f(10). Let i(t) = t + 16. List the prime factors of i(u).
7
Suppose -3*w + 0*w = -342. Let m = -62 + w. List the prime factors of m.
2, 13
List the prime factors of 3/1 - (-1127)/7.
2, 41
Suppose -260*b + 241*b + 62776 = 0. What are the prime factors of b?
2, 7, 59
Suppose 0 = 5*d - 67 - 33. What are the prime factors of (-1362)/(-10) + (-4)/d?
2, 17
What are the prime factors of -1*60962/(-121) + (-4)/(-22)?
2, 3, 7
What are the prime factors of ((-556)/(-6))/(9 - (-2410)/(-270))?
3, 139
Suppose 20 = -2*p - 0*p. What are the prime factors of ((-84)/p)/((-9)/(-45))?
2, 3, 7
Suppose 7 - 1 = 2*l - 2*d, -l - 2*d = 0. List the prime factors of 228/l + (-21 - -17).
2, 5, 11
Let x(f) = -15*f**3 - 4*f**2 - 2*f + 1. Let t be x(-2). Let d = -56 + t. List the prime factors of d.
53
Let d = 186 - 56. List the prime factors of d.
2, 5, 13
Suppose 3*r + 3*r + 324 = 0. What are the prime factors of (-288)/r*(1 + (-49)/(-2))?
2, 17
Let l(h) = -h**3 + 27*h**2 - 27*h + 255. List the prime factors of l(19).
2, 5, 263
Let h = -392 + 1208. What are the prime factors of h?
2, 3, 17
List the prime factors of (-4)/8*71*(-7 - -1).
3, 71
Let o(b) = -b + 1. Let z(n) = -5*n - 2. Let p(i) = o(i) + z(i). Let x be p(-1). Suppose x*a = 15 + 5. What are the prime factors of a?
2
Let v(d) = -13*d + 8 - 5 - 11 - 10*d. List the prime factors of v(-2).
2, 19
Suppose -441 = -19*y + 17*y + 3*l, 0 = 4*y - 2*l - 886. What are the prime factors of y?
2, 3, 37
Let h be 4/((-16)/(-28)) - -1. Let l be (4/h - -2)*2. Suppose -l*z = -5*m + 165, 3*m + z = -3*z + 134. List the prime factors of m.
2, 19
Let d be -1*((-2 - 2) + 2). Suppose -5*h = -r + 11 - 145, -d*h = 3*r - 40. What are the prime factors of h?
2, 13
Let c(m) = -5 + 3 + 4*m + 6 - 7*m + m**2. Let x be c(7). What are the prime factors of x/4 - (-4 - -2)?
2, 5
Suppose 3*v = -3*t + 198, 7*t + 302 = 5*v + 5*t. Let s = v - -57. List the prime factors of s.
7, 17
Let u(y) = y**2 - 10*y - 2. Let p be u(11). Let a = p + -6. Suppose a*r - 2*k = -0*r + 40, 10 = -r - 4*k. What are the prime factors of r?
2, 5
Suppose -1845 = -3*d - 3*a + 1896, -3*d + 5*a = -3757. List the prime factors of d.
1249
Let u(t) = -2*t - 28. Let v be u(-15). Suppose 0 = 5*d - 0*h - 4*h - 117, -v*d + 46 = -2*h. Let l = 28 - d. List the prime factors of l.
3
Let t be (-27)/(-6)*(-8)/6. Let l(u) = -u**2 + 1. Let i(j) = -j**3 - 14*j**2 + 7*j - 4. Let m(y) = t*l(y) + i(y). What are the prime factors of m(-9)?
2
Suppose j - h = -3*j + 1002, -2*j - 4*h = -510. List the prime factors of j.
251
Let d = 195 - -437. List the prime factors of d.
2, 79
Let p(f) = -f**3 + 5*f**2 - 6*f + 6. Let w be p(4). Let c be 100/(-12) - w/(-3). List the prime factors of 62/5 + c/(-15).
13
Let h = 199 - -407. List the prime factors of h.
2, 3, 101
Suppose 140 = 50*o - 40*o. Let j(z) = z**3 - 6*z**2 + 3. Let n be j(6). Suppose 3*i - o = 2*a, -n*i = 5*a - 3*a + 2. List the prime factors of i.
2
Suppose -d = -5*d - 144. What are the prime factors of (-260)/d + 1/(-18)*4?
7
Suppose -394*f = -406*f + 49020. What are the prime factors of f?
5, 19, 43
Suppose 554*q = 534*q + 83960. List the prime factors of q.
2, 2099
Let y = -19 - -8. Let x(r) = -r**3 - 11*r**2 + r + 8. Let w be x(y). List the prime factors of w/6 - (-38)/4.
3
Suppose 5*w = -64 + 14. What are the prime factors of 3/6 + (-375)/w?
2, 19
Let g be ((-21)/1)/3 + 0. Let a = g + 9. Suppose j = -a*d + 6, 3*j + 39 = 7*j + 5*d. What are the prime factors of j?
2
Suppose g - 275 = -a + 275, 2762 = 5*g + a. What are the prime factors of g?
7, 79
Let a(x) = 4*x**2 - 22*x - 170. List the prime factors of a(-11).
2, 139
List the prime factors of ((-5)/15)/((-3)/9567).
1063
Let f(l) = 20*l + 2. Suppose 5*d = 39 - 14. What are the prime factors of f(d)?
2, 3, 17
Let l(h) = h**3 - 2*h**2 - 6*h + 1. Let f be l(4). Suppose -2*n + 2*c - 4*c = -42, 0 = n - 5*c + f. What are the prime factors of n?
2
Suppose -39*o - 1686 = -2*t - 37*o, 0 = -4*o - 20. What are the prime factors of t?
2, 419
Suppose 24*y + 1165 = 29*y. List the pri